{"id":24,"date":"2023-06-13T17:19:26","date_gmt":"2023-06-13T15:19:26","guid":{"rendered":"https:\/\/reinigungsservice-kurar.de\/?page_id=24"},"modified":"2023-10-23T12:01:38","modified_gmt":"2023-10-23T10:01:38","slug":"dienstleistungen","status":"publish","type":"page","link":"https:\/\/reinigungsservice-kurar.de\/index.php\/dienstleistungen\/","title":{"rendered":"Dienstleistungen"},"content":{"rendered":"\n<p><\/p>\n\n\n\n<p><font size=\"+2\"><b>Professionelle B\u00fcroreinigung in Fulda<\/b><\/font><\/p>\n\n\n\n<p>Ihre Gesch\u00e4ftsr\u00e4ume sind wie ihre Visitenkarte! Lieferanten und Mitarbeiter wissen ein gepflegtes B\u00fcro zu sch\u00e4tzen. Geb\u00e4udereinigung Kurar bietet Ihnen eine zuverl\u00e4ssige, Preiswertige &nbsp;und umfassende B\u00fcroreinigung in Fulda und der Umgebung &nbsp;an. Von der Reinigung des Empfangs, der Pflege der B\u00f6den , Monitore \u00fcber Konferenzr\u00e4umen und Schreibtische bis in die Kantine.<\/p>\n\n\n\n<p>Als Ihr Dienstleister \u00fcbernehmen wir eine besondere Verantwortung und sorgen f\u00fcr ein sauberes, angenehmes Arbeits- und Aufenthaltsumfeld.<\/p>\n\n\n\n<p><\/p>\n\n\n\n<p><font size=\"+2\"><b>Sonderreinigungen<\/b><\/font><\/p>\n\n\n\n<p>Wie bei all unseren Reinigungen, achten wir auch bei der Sonderreinigung in Fulda und Umgebung darauf stets umweltfreundlich zu arbeiten und verwenden hierf\u00fcr nur sehr umweltvertr\u00e4gliche Reinigungsmittel.<strong><\/strong><\/p>\n\n\n\n<p>Nat\u00fcrlich steht wie immer dabei der Kunde bei uns im Mittelpunkt: Wir richten uns nach Ihren individuellen W\u00fcnschen und Vorstellungen und erstellen je nach Arbeits- bzw. Zeitaufwand ein individuelles, kostentransparentes und faires Angebot und ein Leistungsverzeichnis f\u00fcr alle unseren versprochenen Dienstleistungen.<\/p>\n\n\n\n<p><font size=\"+2\"><b>Treppenhausreinigung<\/b><\/font><\/p>\n\n\n\n<p>Das Treppenhaus ist einer der Bereiche mit der st\u00e4rksten Beanspruchung. Unsere professionelle Treppenhausreinigung schafft Ihnen dabei Abhilfe.Dank der Nutzung unserer Pflegemittel erzielen wir optimale Ergebnisse. Wir bieten Ihnen individuelle Reinigungsm\u00f6glichkeiten f\u00fcr Ihr Treppenhaus an.<strong><\/strong><\/p>\n\n\n\n<p><font size=\"+2\"><b>Baureinigung<\/b><\/font><\/p>\n\n\n\n<p>Bei Bauarbeiten fallen auf jeder Baustelle, beim Hausbau und bei Sanierungsarbeiten nicht nur Schmutz, sondern auch Bauschutt und M\u00fcll an. Als professionelles Reinigungsunternehmen sorgen wir f\u00fcr eine saubere Arbeitsumgebung und&nbsp; beseitigen Verschmutzungen aller Art um Ihre Immobilie bezugsfertig zu \u00fcbergeben.<\/p>\n\n\n\n<p><\/p>\n\n\n\n<p><font size=\"+2\"><b>Teppichreinigung<\/b><\/font><\/p>\n\n\n\n<p>Unsere Teppichreinigung in Fulda steht Ihnen bei allen Leistungen rund um Teppichreinigung, Teppichw\u00e4sche und Teppichbodenreinigung vertrauensw\u00fcrdig zur Seite. Dank der Nutzung unserer Pflegemittel erzielen wir optimale Ergebnisse. Wir bieten Ihnen individuelle Reinigungsm\u00f6glichkeiten f\u00fcr Ihr Treppenhaus an.<strong><\/strong><\/p>\n\n\n\n<p><font size=\"+2\"><b>Fensterreinigung<\/b><\/font><\/p>\n\n\n\n<p>Vertrauen Sie auf unsere professionelle Fensterreinigung, die f\u00fcr strahlend saubere Ergebnisse sorgt. Ob privat oder gesch\u00e4ftlich, wir setzen auf erstklassige Ausr\u00fcstung und umweltfreundliche Reinigungsmittel, um Verschmutzungen zu beseitigen und Ihre Fenster in bestem Licht erstrahlen zu lassen.<\/p>\n","protected":false},"excerpt":{"rendered":"<p>Professionelle B\u00fcroreinigung in Fulda Ihre Gesch\u00e4ftsr\u00e4ume sind wie ihre Visitenkarte! Lieferanten und Mitarbeiter wissen ein gepflegtes B\u00fcro zu sch\u00e4tzen. Geb\u00e4udereinigung Kurar bietet Ihnen eine zuverl\u00e4ssige, Preiswertige &nbsp;und umfassende B\u00fcroreinigung in Fulda und der Umgebung &nbsp;an. Von der Reinigung des Empfangs, der Pflege der B\u00f6den , Monitore \u00fcber Konferenzr\u00e4umen und Schreibtische bis in die Kantine. Als [&hellip;]<\/p>\n","protected":false},"author":2,"featured_media":85,"parent":0,"menu_order":0,"comment_status":"closed","ping_status":"closed","template":"","meta":{"footnotes":""},"class_list":["post-24","page","type-page","status-publish","has-post-thumbnail","hentry"],"_links":{"self":[{"href":"https:\/\/reinigungsservice-kurar.de\/index.php\/wp-json\/wp\/v2\/pages\/24","targetHints":{"allow":["GET"]}}],"collection":[{"href":"https:\/\/reinigungsservice-kurar.de\/index.php\/wp-json\/wp\/v2\/pages"}],"about":[{"href":"https:\/\/reinigungsservice-kurar.de\/index.php\/wp-json\/wp\/v2\/types\/page"}],"author":[{"embeddable":true,"href":"https:\/\/reinigungsservice-kurar.de\/index.php\/wp-json\/wp\/v2\/users\/2"}],"replies":[{"embeddable":true,"href":"https:\/\/reinigungsservice-kurar.de\/index.php\/wp-json\/wp\/v2\/comments?post=24"}],"version-history":[{"count":0,"href":"https:\/\/reinigungsservice-kurar.de\/index.php\/wp-json\/wp\/v2\/pages\/24\/revisions"}],"wp:featuredmedia":[{"embeddable":true,"href":"https:\/\/reinigungsservice-kurar.de\/index.php\/wp-json\/wp\/v2\/media\/85"}],"wp:attachment":[{"href":"https:\/\/reinigungsservice-kurar.de\/index.php\/wp-json\/wp\/v2\/media?parent=24"}],"curies":[{"name":"wp","href":"https:\/\/api.w.org\/{rel}","templated":true}]}}